 factor of z and b?
8
Suppose 24 = 3*t - 0. What is the greatest common divisor of 32 and t?
8
Let j(n) = 0 - 3 + 5*n - 2. Let z be (-3)/(2/8 + -1). Let m be j(z). What is the highest common factor of m and 30?
15
Suppose -m - 5 = 2*f + 1, -2*m + 28 = -4*f. Let a be 2*m*(-3)/(-3). Suppose -5*p + 0*p + 5 = 0. What is the greatest common divisor of a and p?
1
Suppose 20 = -5*y, 2*f + f = -y + 239. Calculate the greatest common divisor of 9 and f.
9
Let m(r) = 2*r + 24. Let g be m(-8). Calculate the highest common factor of g and 8.
8
Suppose 5*s - 262 = -4*g, 46 = -5*g + 3*s + 392. Calculate the greatest common factor of g and 85.
17
Let c = 0 + 4. Let s be 40/7 - c/(-14). Let j be s + 1*-2 + 0. What is the highest common divisor of j and 32?
4
Suppose 5*t = t. Suppose t = -4*x + z, -3*x = -0*x + 2*z - 11. Suppose m = b - 1, -3*b = -m - 5*b + 14. Calculate the greatest common factor of m and x.
1
Suppose 26 = 5*d - 3*d. Let u = d + 102. Calculate the highest common factor of u and 23.
23
Let y = 33 + -26. What is the greatest common divisor of y and 28?
7
Let u(o) = -o**2 + 14*o - 16. Let i be u(10). What is the highest common factor of 6 and i?
6
Let g be 10 - ((-3 - 0) + 4). Let m = g - 0. What is the highest common factor of 18 and m?
9
Let x(f) = 2*f**2 - 5*f - 2. Let h be x(4). Suppose 2*t = -0*t. Suppose -4*s + 440 = -t*s. Calculate the highest common factor of s and h.
10
Let t = 18 - 27. Let n = 16 + t. Calculate the greatest common factor of n and 70.
7
Let y be 1*(-3 + 5)/2. Suppose -4*r + 36 = 2*v, 3*v + r = -3*r + 44. Let d = v + -5. What is the greatest common factor of d and y?
1
Let i = -22 - -36. Let y(d) = d + 8. Let g be y(-6). Let c be 0 + g - (-32 + -1). Calculate the greatest common divisor of i and c.
7
Let d(a) = 3*a**2 + 5*a + 12. Let r be d(4). What is the greatest common divisor of 48 and r?
16
Let q = -6 - -44. Suppose -4*f = 3*g - q, 2*g + 4 = f - 0*f. Calculate the greatest common factor of f and 1.
1
Suppose -5 = -2*u - 15. Let k = u + 13. What is the greatest common divisor of 56 and k?
8
Let t(m) = 2*m**3 + m - 1. Let v be t(1). Suppose -5*j - 3*a - v*a = 0, -4*a - 5 = -j. What is the greatest common divisor of j and 8?
1
Suppose -7 = -4*d + 29. Calculate the greatest common factor of 3 and d.
3
Suppose -50 = -8*u + 3*u. Let h = 79 + -29. Let r = h + 20. Calculate the greatest common divisor of r and u.
10
Suppose -5*m = m - 18. Suppose -m*q = -4*w + 13 + 30, 3*w - 31 = 2*q. What is the greatest common divisor of 63 and w?
7
Suppose 2*n + 3 - 1 = 0. Let m be (-1)/(27/(-24) - n). Suppose 0 = -b - 2*s - 0*s + 14, -4*s + 12 = b. What is the greatest common divisor of m and b?
8
Let n(z) = -z**3 - z**2 - 5 + 5*z**2 - 2*z - 3*z**2 + 5*z**2. Let x(v) = -v + 5. Let w be x(0). Let a be n(w). What is the greatest common factor of a and 20?
10
Suppose 0 = 2*k + 168 + 56. Let x = -42 - k. What is the highest common factor of x and 14?
14
Suppose y = 2*y - 8. Let c(k) be the second derivative of k**4/3 + k**3/2 + 2*k**2 - k. Let s be c(-4). Calculate the highest common factor of s and y.
8
Suppose 0 = -b + 1. Let q be (b*(14 - 3))/1. Calculate the greatest common factor of 11 and q.
11
Let n(k) = 17*k. Let g = -5 - -4. Let h be n(g). Let j = 27 + h. Calculate the greatest common divisor of j and 60.
10
Let c be 20/90 + 536/18. Calculate the greatest common divisor of 30 and c.
30
Let r = 38 + 15. Let m = -4 - -12. Suppose 5*t - r = -m. Calculate the greatest common factor of t and 6.
3
Suppose -50 = -5*f + 125. Let n(g) = g**3 + 3*g**2 - 5*g + 3. Let z be n(-4). Calculate the highest common factor of f and z.
7
Let j = -23 + 40. Suppose n - 2 = j. What is the highest common factor of n and 171?
19
Suppose 4*k - k = 5*q + 129, -5*k = -2*q - 196. Let g be 5*(k/10 + -2). Let d be (g/(-2))/((-3)/28). What is the greatest common divisor of 6 and d?
6
Suppose 0 = 2*z - j - 2*j - 80, 2*z - 80 = 4*j. Let t(c) = 6*c**3 - 2*c**2 + 2*c - 1. Let f be t(1). Calculate the greatest common divisor of z and f.
5
Let m(o) = -12*o**3 + 2*o**2 + 4*o + 3. Let s be m(-2). What is the highest common divisor of s and 11?
11
Suppose -5*h + 116 = -4*k, 96 = 3*h + 2*h + k. Calculate the highest common factor of 4 and h.
4
Let w(c) = -3*c**2 + 2*c - 1. Let o be w(1). Let z be 15*((-2 - o) + 1). Calculate the greatest common divisor of 30 and z.
15
Let l = 31 + -6. Calculate the greatest common divisor of 25 and l.
25
Suppose 2*s = z - 9, s + 3 = 3*z - 9. Let n = z + 14. Calculate the greatest common divisor of n and 17.
17
Let d be 2/((-235)/60 + 4). Calculate the highest common divisor of 56 and d.
8
Suppose 0 = -m + 40 + 8. Let s be ((-6)/(-5))/((-2)/(-20)). What is the highest common factor of s and m?
12
Let c = 53 - -27. What is the greatest common factor of c and 10?
10
Let i be (-5)/(-1)*10 - 0. Let j be ((-20)/(-3))/(1 - (-8)/(-12)). Calculate the greatest common divisor of i and j.
10
Let d be 6/(-21) + 737/7. Calculate the highest common factor of d and 35.
35
Let l be ((-3)/6)/((-2)/120). What is the highest common factor of 330 and l?
30
Let k be (66/(-8))/((-24)/256). Suppose -o - k = -5*o. Calculate the highest common divisor of o and 33.
11
Let a(t) = 5*t - 6. Let j be a(7). Suppose -169 + j = -5*r. What is the highest common divisor of r and 4?
4
Suppose 3*c - 1023 = -4*p, -4*p + 453 = -2*c - 565. Suppose 5*v + 5*m = 2*m + p, 4*m - 164 = -3*v. What is the highest common factor of 6 and v?
6
Let f(j) = -51*j + 1. Let k be f(-1). Suppose 0 = 4*n - 236 - k. Calculate the highest common divisor of 9 and n.
9
Let t = -4 + 7. Let h be 0/(-2) + 6/t. What is the greatest common factor of h and 14?
2
Suppose 76 = 4*u + 12. Calculate the greatest common divisor of u and 80.
16
Suppose 2*j + 3*j = 20. Let r be j/(-18) + (-548)/(-36). Suppose 5*b = -5*q + r, 0 = 2*q - 3*b + b - 10. Calculate the greatest common factor of 44 and q.
4
Suppose r = 5*t - 20, -19 = 5*r + 4*t - 64. What is the highest common divisor of r and 55?
5
Suppose -8 = -2*l, -4*r + r - 2*l = -80. Let f be (-70)/(-6) - (-8)/r. Calculate the greatest common factor of 48 and f.
12
Let b(d) = 3*d**2 + 2*d - 1. Let x be b(-2). Let m = x + -9. Let v = m - -4. What is the highest common factor of 3 and v?
1
Let i be 2/7 - 36/(-21). Suppose w + 11 = i*w. Suppose -q + 53 = -a, 2*q + 2*q - 216 = 2*a. Calculate the highest common factor of q and w.
11
Let g(v) = 5*v**2 + 3*v. Let u be g(-2). Suppose 0 = -q + 303 + 89. Suppose -y - 3*y = -q. Calculate the greatest common divisor of y and u.
14
Let t = 103 + -58. Calculate the greatest common divisor of t and 5.
5
Let i(g) = g**2 - 12*g + 1. Let a be i(13). What is the highest common factor of 2 and a?
2
Suppose -4*b - 2*x - 14 = -76, 4*b - 92 = 4*x. Suppose 4*h + 13 = 5, -5*f - 4*h - 453 = 0. Let s = f + 215. Calculate the highest common factor of b and s.
18
Suppose -2*n + 20 = 2*d, -13 = 2*n - 5*d + 2. Suppose 92 = n*v - 118. Let i = v - 7. Calculate the greatest common divisor of i and 7.
7
Let c be (-28)/28*(-1 + -153). What is the highest common divisor of 14 and c?
14
Let r be -1 + 84 - (-2)/(-1). Suppose -2*b + 105 = -2*s - r, 5*b + s - 489 = 0. Suppose -4*l + b = 9. Calculate the highest common divisor of l and 33.
11
Suppose -19*a = -25*a + 144. Calculate the greatest common divisor of 132 and a.
12
Suppose z + 255 = 4*x + 4*z, 4*x - 5*z - 215 = 0. Let m = -10 - -34. Calculate the greatest common divisor of m and x.
12
Let t = -1 - -2. Let c = 8 + t. Let o(i) = i**3 - 7*i**2 + 4*i + 17. Let d be o(7). What is the highest common divisor of d and c?
9
Let x be ((-588)/63)/(4/(-6)). What is the greatest common divisor of x and 42?
14
Let y = -12 - -19. Let o be (7 + 3)*4/10. Suppose 2*u = -g + 4, 1 = -o*u + 3*g - 1. What is the highest common divisor of u and y?
1
Let m(d) = -d + 9. Let h be m(6). Let p be 1/((-16)/18 - -1). Calculate the highest common factor of h and p.
3
Suppose -3*p = -3*i + 45, 4*i + 5*p - 3*p - 72 = 0. Let v(t) = 1 - 16*t + 2 + t. Let a be v(-10). Calculate the greatest common divisor of a and i.
17
Suppose 0 = -p + 4*z + 5, -5 - 27 = -4*p + 4*z. Let g be ((-8)/(-10))/((-1)/(-90)). What is the greatest common divisor of g and p?
9
Let a = 40 - 26. Calculate the greatest common divisor of a and 14.
14
Suppose 